y - 30. What are the prime factors of y?
2, 3, 7
Let m = -19 + 90. What are the prime factors of m?
71
Suppose 4*j - 2*z - 85 = -5*z, 4*z + 120 = 4*j. List the prime factors of j.
5
Let h(v) = -v + 10. Let k be (-6)/(-2) + -10 + -1. What are the prime factors of h(k)?
2, 3
Suppose v + 4*g - 11 = 0, 0 = -g - 4*g - 15. What are the prime factors of v?
23
Suppose 5*z = -2*k + 1070, 5*z - 21 = 2*k + 1069. List the prime factors of z.
2, 3
Let h(r) = -r**3 - 10*r**2 - 11*r. List the prime factors of h(-10).
2, 5, 11
Let r(c) = -7*c - 2. Let z be r(2). Let k = -8 - z. What are the prime factors of k?
2
Let p(w) = 15*w**3 - w**2 + 2. Let s be p(2). Let y = -67 + s. List the prime factors of y.
3, 17
Let h(l) = l. Let b be h(-1). List the prime factors of (4 - b) + (3 - 4).
2
Suppose 2*y + 2 = 2*r, 15 = 2*r - 3*r + 5*y. Let g be 2/(-6) + 1/3. List the prime factors of 35/r + (-3 - g).
2
Suppose 4*r + 4*k = 572, -2*k = 4*r - 399 - 181. List the prime factors of r.
3, 7
List the prime factors of 89*4 + 2/(10/10).
2, 179
Suppose -3*w - 53 = -206. Suppose -3*j + 0*j = -w. What are the prime factors of j?
17
Let g(q) = -6*q**2 + 5*q - 4. Let y be g(2). Let c = -13 - y. List the prime factors of c.
5
List the prime factors of (-6)/(-45) - 1929/(-45).
43
List the prime factors of 14 + -1 + -4 + 5.
2, 7
Let n(j) = j**3 - 8*j**2 + 7*j - 2. Let a be n(7). Let y be -2 - (-4)/(0 - a). Suppose y = 5*g + 10, -p + 3*g + 11 = 2*g. What are the prime factors of p?
3
Let r be (-7626)/(-10) + 8/20. List the prime factors of (-6)/4 + r/14.
53
Suppose -s - 9*x + 292 = -5*x, -2*s = 3*x - 594. List the prime factors of s.
2, 3, 5
Let p(n) = -5*n**2. Let o be p(-1). Let i(a) = a**2 + 6*a - 3. Let m be i(o). Let z(c) = -3*c - 12. List the prime factors of z(m).
2, 3
Let p(k) be the first derivative of -k**2 + 4*k - 3. What are the prime factors of p(-3)?
2, 5
Let d be 6 + -1 + (-3 - -3). Let q(u) be the first derivative of u**2/2 - 2*u - 1. What are the prime factors of q(d)?
3
Let h = 247 - 135. List the prime factors of h.
2, 7
Let j = 20 + -11. What are the prime factors of j?
3
Let c(x) be the third derivative of x**5/60 + x**4/12 + 2*x**3/3 + x**2. Let a(o) = -o**3 + 5*o**2 - o + 2. Let l be a(5). List the prime factors of c(l).
7
Let u = 9 - 5. What are the prime factors of u?
2
Suppose 3*s + 4*w = -8, -3*s + 4 - 2 = 2*w. Suppose -s*q = -6*q + 36. List the prime factors of q.
2, 3
Suppose 0 = c - 94 + 15. List the prime factors of c.
79
Let o(g) = 4*g**3 + g - 1. Let x be o(1). Suppose -4*w = 16, -w = -x*h + 2*h + 16. Let c = 18 - h. What are the prime factors of c?
2, 3
Suppose -5*b = 5*c - 73 + 3, 2*b - c - 22 = 0. Suppose b = 5*v - 8. What are the prime factors of v?
2
Let l = 56 - 15. What are the prime factors of l?
41
Let p = -2 - -2. Suppose 4*o = -8, 7 = i - 4*o - 4. Let n = i + p. What are the prime factors of n?
3
Let k(c) = 14*c**2 - 2*c + 1. Let t(j) = -j. Let r be t(-3). Suppose -4 + 1 = -r*s. What are the prime factors of k(s)?
13
Suppose 0 = -5*g - 49 + 304. What are the prime factors of g?
3, 17
Suppose -404 = -8*y + 276. List the prime factors of y.
5, 17
Let y(i) = 7*i**2 + 2. What are the prime factors of y(2)?
2, 3, 5
Suppose 4*w = 5*n + 129, 4*w - 107 = -4*n - 23. List the prime factors of w.
2, 13
Let a = 18 - -98. What are the prime factors of a?
2, 29
Let p = -76 - -106. List the prime factors of p.
2, 3, 5
What are the prime factors of (4/(-6))/((-1)/3) - -132?
2, 67
Let r be (-2 + 3)/((-2)/(-18)). Let s = r + -2. List the prime factors of s.
7
Let m = 11 - 6. Suppose -i - 7 = 4*g + 7, g - 25 = -m*i. What are the prime factors of i?
2, 3
Let b be 12/4 - 0/4. Let o(m) = -m + 2. Let x(s) = 3*s - 3. Let f(j) = 5*o(j) + 3*x(j). What are the prime factors of f(b)?
13
Suppose k = 326 - 19. What are the prime factors of k?
307
Let j = -1 - -15. Suppose -y + j + 0 = 0. List the prime factors of y.
2, 7
Let t(y) = 3*y + 2. Let a be t(6). Suppose -6*g + 4*g + a = 0. What are the prime factors of g?
2, 5
Let i = -26 + 36. Let y = i - -4. List the prime factors of y.
2, 7
Let i(z) = 7*z + 8 - z - 11. List the prime factors of i(5).
3
Let k(l) = l**3 + 4*l**2 - 6*l - 1. Let z be k(-5). Suppose -3*h = -2 - 1. Suppose -r = 4*o - 7, -3*o - 10 = z*r + h. List the prime factors of o.
3
Suppose -2*h = -k + 2*h + 1, k = 2*h + 3. Suppose 0 = -k*g - 5 + 25. Suppose g*j + 0*o = -5*o + 25, -22 = -4*j - 2*o. What are the prime factors of j?
5
Let o = 0 + 0. Let r(w) = w. Let z be r(o). List the prime factors of z - (1*-13 + 2).
11
Let m(g) = g + 4. What are the prime factors of m(24)?
2, 7
Suppose 7 - 5 = t. Suppose -3*d + t = -13. Suppose 0 = -2*v - c + 3, -4*v + d*c + 33 = -2*v. List the prime factors of v.
2
Suppose 0 = q + u + 4*u - 121, -3*q + 427 = -u. What are the prime factors of q?
3, 47
Suppose 0 = -2*g + 6*g. Suppose p - 9 - 5 = g. List the prime factors of p.
2, 7
Suppose 5*c - 995 = -8*s + 6*s, -796 = -4*c + s. What are the prime factors of c?
199
Let o = 31 - 3. Suppose -5*i + 2*k + o = 0, -5*i - k - 3*k = -34. List the prime factors of i.
2, 3
Suppose 2*r - 2*l - 33 = 3*l, 3*r + 3*l + 3 = 0. Suppose 2 = 2*m - r. Suppose -5*j + 4*j + 16 = m*t, -j + 18 = 5*t. List the prime factors of j.
13
Let t(j) = j**3 - 5*j**2 + 3*j - 7. Let w be t(5). Suppose -a - 3*r - 15 = -w*r, -r + 3 = -a. Let i = 2 - a. What are the prime factors of i?
2
Let r be (-4 - -1)/((-1)/(-3)). Let m = r - -41. Suppose 4*c - m = -3*g - g, -2*c + 4*g - 8 = 0. What are the prime factors of c?
2
Let r = -8 - -104. What are the prime factors of ((-2)/(-4))/(4/r)?
2, 3
Suppose -8*z = -3*z + 15. Let c(m) = -m**3 - m**2 + m + 1. What are the prime factors of c(z)?
2
Suppose -y - 7*j = -3*j - 34, 3*j = y - 6. What are the prime factors of y?
2, 3
List the prime factors of 2 + 0 + (-6 - -13).
3
Suppose 0 = 5*y + c - 109, 2*y - c + 25 = 3*y. List the prime factors of y.
3, 7
Let w(m) = -m - 1. Let i be w(-1). Let p be -2 + i/2 - -2. Suppose 3*n = 3*z - 0*z - 30, p = n - 1. What are the prime factors of z?
11
Let t(o) = -o**2 + 3*o + 2. Let l be t(4). Let w(p) = p + 1. Let x(i) = -i**2 + 4*i + 2. Let z(u) = 4*w(u) - x(u). What are the prime factors of z(l)?
2, 3
Let h = -43 - -50. Let j = 7 + 7. What are the prime factors of j/(-49) + 107/h?
3, 5
Let g be (-8)/10*(-3 - 2). Suppose 10 = w + 4*m, 0 = -g*w - 0*m - 3*m + 79. Suppose -3*l = -5*l + w. List the prime factors of l.
11
Let a(u) = -u**2 + 11*u - 3. Let p be a(8). Let n = -10 + p. List the prime factors of n.
11
Let m = 9 + -7. Suppose -m*t + 4 = -0. Suppose 2*h = p - t*h - 25, 5*p = 4*h + 77. List the prime factors of p.
13
Suppose -3*h + 10*h - 126 = 0. List the prime factors of h.
2, 3
Let t(r) = r**2 - 2*r - 8. Let p = 4 - -2. What are the prime factors of t(p)?
2
Let v = -112 + 214. List the prime factors of v.
2, 3, 17
Suppose 0*n + 56 = -5*d + 3*n, 0 = 5*d - 2*n + 54. Let s be ((-3)/(-3) - -2) + 3. List the prime factors of (d/6)/((-2)/s).
5
Let v = -151 - -87. Let c(o) = o + 6. Let a be c(-8). List the prime factors of ((-2)/(-4))/(a/v).
2
Let y be 6/2 + 35 + 2. Suppose -5*w = g - 0*w - 32, 0 = -5*g + 5*w + y. List the prime factors of g.
2, 3
Suppose 4*x - 16 = 24. What are the prime factors of x?
2, 5
Let t(l) = l**3 + 10*l**2 - l - 12. Let w = 9 - 19. Let n be t(w). What are the prime factors of (6/8)/(n/(-16))?
2, 3
Let j(u) = 3*u**2 + 3*u + 4. Let q be j(3). Suppose 2*i - 7*i = 2*f - 35, f = -5*i + q. Let w = i + -2. What are the prime factors of w?
7
Suppose c - 3*s - 76 = 0, -3*s + 112 = 2*c - s. List the prime factors of c.
61
List the prime factors of (-315)/65 - -5 - (-2440)/26.
2, 47
Let v be (-3)/15 + 1/5. Suppose -2*z + 20 = x, v = -3*z - 2*z + 25. List the prime factors of x.
2, 5
Let c be (4/12)/((-1)/3). Let h be 29/6 - c/6. Suppose 2*f - 21 = -h. List the prime factors of f.
2
Let z(g) = -g**3 + 6*g**2 + 3*g - 9. Let t(x) = x**3 - 7*x**2 + 6. Let j be t(7). What are the prime factors of z(j)?
3
Let l = -141 - -150. List the prime factors of l.
3
List the prime factors of 1/8 + (-6146)/(-112).
5, 11
Suppose -h = 2*j + 5 - 40, j - 5 = 2*h. List the prime factors of j.
3, 5
Let j(t) = -t**3 - 7*t**2 + 4*t - 2. List the prime factors of j(-8).
2, 3, 5
Let x(n) = 14*n - 6. Let g be x(3). Let y = g - 7. What are the pri